. What is the thousands digit of h?
5
Suppose 2*t - 33 + 29 = 0. Suppose 4*r - 2362 = -2*d, -r - r = t*d - 1184. What is the tens digit of r?
8
Suppose -22 + 122 = 2*q. Suppose 30 - q = -5*s. Let t(v) = 5*v**2 - 2*v - 4. What is the units digit of t(s)?
8
Let r(b) = 11*b**2 - 30*b + 336. What is the thousands digit of r(21)?
4
Suppose 5*r + 63894 = 4*a, -20139 = -2*a - 3*r + 11819. What is the tens digit of a?
7
Let u be (-1 - 0)/(21/189). What is the units digit of u/(70/15 + -5)?
7
Let a(u) = 76*u + 2230. What is the tens digit of a(35)?
9
Let c = 68 + -45. Suppose -c*x + 930 = -13*x. What is the tens digit of x?
9
Let h(u) = -3*u - 8. Suppose 25 - 5 = 5*p. Suppose -13 + 57 = -p*n. What is the tens digit of h(n)?
2
Let z = -46 + 48. Suppose 2*g + 19 = z*w - 7*w, -2*w = 4*g - 2. Suppose -3*o + g*s = -o - 80, 2*s = -5*o + 162. What is the units digit of o?
4
Let z(o) = 64*o - 1 - 1 + 0. Let k be ((-16)/20)/(-1) + 4/20. What is the units digit of z(k)?
2
Let x = 5731 - 596. What is the tens digit of x?
3
Let y(w) = -10063*w - 2102. What is the thousands digit of y(-3)?
8
Let n(j) = j - 1. Let c be (-2*1 - -5)*10/6. Let y be n(c). Suppose -y*u + 431 = 11. What is the hundreds digit of u?
1
Let y = -153 + 139. What is the tens digit of (-6)/(9/(-3))*(-8477)/y?
1
Let v be 1 + (0 - -4) + (3 - 16). Let q(o) = -4*o**2 - 13*o - 11. Let m(r) = 12*r**2 + 38*r + 34. Let x(a) = 5*m(a) + 14*q(a). What is the tens digit of x(v)?
0
Suppose 46*s - 295183 = 36*s + k, 5*s - 147578 = -4*k. What is the tens digit of s?
1
Let w(h) = -h**2 - 13*h + 22. Let c be w(-14). Let q(z) = -z**2 + 8*z - 37. Let p be q(c). Let s = 151 + p. What is the hundreds digit of s?
1
What is the units digit of (-252)/336 - (173528/(-32) - (-1 + 1))?
2
Let j be (0 + -5)*(-2077)/155. What is the tens digit of ((-1386)/4 + -1)*(65 - j)?
9
Let j be (-90)/72 + 87/12. Let a(i) = 24*i + 140. What is the units digit of a(j)?
4
Let a = 61367 + -34966. What is the units digit of a?
1
Let y(s) = -5*s**2 - 4*s - 3. Let a be y(-5). Suppose -75*l - 2*l = -7931. Let q = l - a. What is the units digit of q?
1
Let i(k) = -k**3 - 9*k**2 + 2*k - 8. Let h be i(-10). Suppose -28*l + h = -10*l. What is the units digit of l?
4
What is the units digit of 349456/(-12)*(-90)/120?
1
Suppose 86*q + 874995 - 2800965 = 0. What is the hundreds digit of q?
3
Let l(g) = -2*g**2 - 11*g - 14. Let w be l(-2). Suppose w = -4*y + 2*i + 918, 4*y = -4*i + 5*i + 923. What is the units digit of y?
2
Suppose -h = 4*h + 985. Let o = 460 + -179. Let g = o + h. What is the tens digit of g?
8
Suppose 4*n = -4*h + 6*n + 16, 2*h - 6 = 2*n. Suppose -h = -4*o + 3. Suppose -l + 4*q + 42 = 0, -o*l - 6*q = -q - 97. What is the units digit of l?
6
What is the tens digit of 10/1*(40/60)/(12/36027)?
1
Suppose 370080 - 1944548 = -116*i. What is the ten thousands digit of i?
1
Suppose 188*z = 4*z + 2857152. What is the hundreds digit of z?
5
Let s(m) = 2*m**2 + 26*m + 32. Let v be s(-15). What is the units digit of -5 + 3 + v + 2?
2
Let o(z) be the second derivative of z**5/20 - 13*z**4/12 + 3*z**3 - z**2 + 14*z. Let n be o(12). Let i = n + 3. What is the units digit of i?
3
Let u = 23332 + -15699. What is the tens digit of u?
3
Let j = 32 + -38. Let r(y) = -y**2 - 9*y - 14. Let m be r(j). Suppose 2*i + m = 0, n - 5*n - i = -218. What is the tens digit of n?
5
Let b = -99 + 40. Suppose 0 = f - a + 37, 3*f = -5*a - 48 - 47. Let t = f - b. What is the units digit of t?
4
Let t(r) = -r**3 + 9*r**2 - 9*r - 2. Let d be t(8). Let s(q) = -2*q. Let a(k) = k**2 + 13*k + 7. Let w(m) = a(m) + 4*s(m). What is the units digit of w(d)?
7
Suppose 3*z = 5*b - 47, -3*b - 3*z = -6*z - 33. Let a(p) = -36 + 0*p + b - 2*p + 13*p. What is the tens digit of a(15)?
3
Suppose 0 = 3*p - 5*b - 1139, -3*p + 3*b = -1586 + 455. Let x = 900 - p. What is the hundreds digit of x?
5
Let u = 26 - 3. Suppose u*o - 11014 - 7915 = 0. What is the units digit of o?
3
Suppose 42*n - 497981 = -37325. What is the ten thousands digit of n?
1
Let w(d) = d**2 + 6*d - 15. Suppose -3*r + 9 - 15 = 0. Let y be r + -1 + 6 - 17. What is the units digit of w(y)?
7
What is the ten thousands digit of 1291/12*(-29 + 217) - 48/72?
2
Suppose 2*y + 2*g = 58, -3*g = -6*g + 12. Let r be 30/y*5/2. Suppose -142 = -3*x + 5*v, -r*x - 56 = 3*v - 230. What is the tens digit of x?
5
Let q(p) be the third derivative of p**6/24 - p**5/20 + p**4/2 + p**3/2 + 3*p**2 + 6. What is the tens digit of q(4)?
2
Suppose 2*a = 3*g + 226, -5*a + 2*g - 148 + 702 = 0. Suppose 5*h = -f + a, 0 = f - 5*f + 2*h + 506. What is the units digit of f?
5
Let i = 11396 - 8070. What is the tens digit of i?
2
Let d(q) be the third derivative of -q**6/24 + q**5/60 - q**4/24 - q**3 + 23*q**2. Let p be d(-2). Suppose 3*w - 235 + p = 0. What is the tens digit of w?
6
Suppose 458*d - 13125950 = 4608268. What is the units digit of d?
1
Let m = -418 + 1246. Suppose -4*u + m = -4*h, 0*u - 4*h = -2*u + 406. Suppose -a + u = 7*n - 2*n, -5*a + 1077 = 3*n. What is the units digit of a?
6
Suppose 0 = -631*v + 624*v + 86639. What is the tens digit of v?
7
What is the hundreds digit of 135330/4 + 11/(-22) + -50 + 50?
8
Suppose 0 = 13*a - 9*a - 76. Let h = a + -16. Suppose h*q - 2*x - 293 = 0, -3*q - 6*x + x = -286. What is the units digit of q?
7
Let t be ((-81 - -9)/3)/(-1). Suppose -4*x = -5*b + 690, 392 = 3*b - x + 3*x. Suppose 22*d + b = t*d. What is the units digit of d?
7
What is the tens digit of (-3388)/(-242) - 1*-19154?
6
Suppose -11 = -w + 4. Let m be 2/(-4) + w/6. Let h = m + 22. What is the tens digit of h?
2
Let y(f) = f**2 + 16*f + 9. Let m be y(-16). Suppose 0 = -m*o + 4502 + 8098. What is the tens digit of o?
0
Suppose 24 = 3*a, -4*c + 131412 = -925*a + 929*a. What is the ten thousands digit of c?
3
Let w(p) = -p**3 + 9*p**2 + 5*p + 82. Let c(g) = 3*g**3 - 27*g**2 - 17*g - 245. Let i(j) = 6*c(j) + 17*w(j). What is the units digit of i(15)?
9
Let y(f) = -128*f - 4. Let v be y(7). Let z = v + 1383. What is the units digit of z?
3
Let l be 11 + (3 - 2) + -4. Suppose -4*c - 380 = -l*c. Suppose 3*y + 4*z - 47 - 248 = 0, -c = -y - 3*z. What is the tens digit of y?
0
Let z = 233 + -232. Let l(k) = 168*k**3 - k**2 - 12*k + 13. What is the units digit of l(z)?
8
Suppose 17 = 4*z - 3*r, 0*z - 3*r = -z + 11. Suppose -2 = -4*l + z*o - 8, -5*o = 2*l - 27. Let b(y) = 102*y + 4. What is the hundreds digit of b(l)?
1
What is the units digit of ((-777)/74)/(1/(17230/(-3)))?
5
Let x = 31560 + 10471. What is the tens digit of x?
3
Let s = 104 + -101. What is the hundreds digit of (-6 + s - -22)*51?
9
Suppose -3*f + 54 = -2*i - 146, -i + 2*f = 98. Let t = i + 176. What is the tens digit of t?
7
Let k = 51318 - 29156. What is the ten thousands digit of k?
2
Suppose 0 = 30*s - 1562 - 58. Suppose -w = -3*i + 54, 31*i = 28*i + 3*w + s. What is the tens digit of i?
1
Let k(m) be the third derivative of -13*m**4/8 + 8*m**3/3 - 2*m**2 - 2*m. What is the units digit of k(-9)?
7
Let n = -70 - -46. What is the hundreds digit of (-12)/n*1684/2?
4
Let c(l) be the first derivative of 7*l**3 + 7*l**2/2 + 10*l - 129. What is the hundreds digit of c(-5)?
5
What is the thousands digit of 12/(-23*36/(-2177226))?
1
Let a be (357 - -1) + 6 + -7 + 6. Suppose -3*k + 221 = 12*j - 13*j, 5*k - a = -j. What is the units digit of k?
3
Let h be (-2)/9*-6*57. Suppose -2*c - 1 + 5 = 0. Suppose f + j = 3*j + 20, -c*f - 5*j = -h. What is the units digit of f?
8
Suppose -15*s + 400223 = 8*s. What is the tens digit of s?
0
Let y = -177 - -186. Suppose -3*z + y = 2*q - 116, 2*q + 2*z = 126. What is the units digit of q?
4
Suppose 9 = -43*g + 46*g. Suppose -k + 3*k = s + 3, -g*k = 5*s - 11. Suppose 1128 = -k*h + 8*h. What is the tens digit of h?
8
What is the tens digit of (9442/(-2))/((-795)/30 + 26)?
4
Let l(o) = 3*o**3 - 11*o**2 + o + 2. Let d be l(8). Let a = 1672 - d. What is the hundreds digit of a?
8
Let s be 2/4 - (-3)/(-6). Suppose -3*r = -3*x - 2*x + 28, s = 5*r - 20. What is the units digit of 80/x*(-18)/(-3)?
0
What is the tens digit of 32/3*53955/60?
9
Let g(a) = a**3 + a**2 - 3*a - 1. Let p be g(-3). What is the hundreds digit of (-4)/p + (-14019)/(-15)?
9
Let v be 5 - -53 - (0 + -2)*2. Suppose -56*b = -v*b + 8574. What is the units digit of b?
9
Let g be (-6)/9*(-21)/2. 